*i + 4. Suppose 5*f = i*f + 69. Let x = -5 + f. Calculate the greatest common factor of x and 9.
9
Suppose -m + 12 = -3*m. Let b be (-93)/m - 1/2. Let n = 12 + -9. What is the highest common factor of b and n?
3
Let r = 15 + -10. Suppose r*v + 5 = 0, f - 4*v = -2 + 17. Let b be (f + -5)/(6/20). Calculate the greatest common factor of b and 180.
20
Let v = 267 + -162. Let m(b) = -b**3 + 10*b**2 + 15*b + 3. Let d be m(11). Let g = d - 5. Calculate the highest common divisor of v and g.
21
Let o(y) = 4*y - 98. Let r be o(26). Calculate the greatest common divisor of r and 2.
2
Let r be (-9 - -19 - 3) + 69. What is the greatest common factor of r and 4?
4
Let s(n) = 24*n**2 - 33*n + 122. Let q be s(4). Calculate the greatest common factor of q and 102.
34
Let v be (-880)/(-50) + (-2)/(-5). Let y = -100 + v. Let t = y - -115. Calculate the greatest common divisor of t and 132.
33
Let z be (-26)/91 - 23/(-7). Suppose -3*q - h = 2*h - 24, q + 22 = 5*h. Suppose 5*y = -q*p + z, -2*p - 12 = p. Calculate the highest common divisor of 12 and y.
3
Suppose 8*j = 1282 + 590. What is the greatest common factor of 72 and j?
18
Suppose -7*r + 10920 = 14*r. Calculate the highest common divisor of 40 and r.
40
Let y = 98 - 71. Suppose -33*b = -y*b - 378. Calculate the highest common divisor of b and 63.
63
Suppose z - 26 - 11 = 4*t, -4*t = -4. Calculate the highest common factor of z and 1.
1
Suppose 4 - 120 = 4*h. Let g = 53 + h. Calculate the greatest common divisor of g and 96.
24
Let t be 4/10 + (-13)/((-455)/686). Calculate the greatest common divisor of t and 70.
10
Let y(j) = 8*j**2 - 2*j - 2. Let l(p) = p**2 - 8*p - 5. Let q be l(8). Let c be y(q). Let o = 219 - 193. Calculate the greatest common divisor of o and c.
26
Let m be -4*((-1)/(-1) - 0). Let f be ((-18)/(-27))/(m/(-738)). Suppose f = 5*n - 437. Calculate the greatest common divisor of n and 16.
16
Suppose 11*q - q - 4900 = 0. Calculate the highest common divisor of q and 70.
70
Let v(i) = -477*i - 259. Let m be v(-4). Calculate the highest common factor of 97 and m.
97
Let x(s) = -120*s + 3. Let h be x(-3). Calculate the highest common divisor of 33 and h.
33
Let b(d) = d**2 + 24*d - 10. Let k be b(-25). Let c = 31 - k. What is the highest common factor of 80 and c?
16
Let m(w) = -346*w - 4. Let u be m(1). Let k = u + 602. Calculate the highest common factor of k and 28.
28
Let y(j) = -j**2 + 2*j + 2. Suppose -3*r - 25 = 4*a, -a + 3*a - 1 = 3*r. Let i be y(r). Let k = i - -117. Calculate the highest common factor of 13 and k.
13
Suppose -5*i + 308 = -2*c, -9 = i + 3*c - 57. Calculate the highest common divisor of i and 168.
12
Let q = -16 - -29. Let s(r) = -r + 13. Let y be s(q). Let d be (13 + -10)/(y - -1). Calculate the highest common factor of 18 and d.
3
Suppose 7 - 21 = -o. Let n(u) = 35*u + 1 - 2 - 40*u. Let f be n(-3). What is the highest common divisor of f and o?
14
Let i = -64 + 68. Let k be (-2)/(-8) + (-10)/8 + i. Calculate the greatest common divisor of k and 6.
3
Let v be (176/(-22))/(36/21 + -2). Let t = 0 + 14. Calculate the greatest common factor of t and v.
14
Let n be (-4)/12 + 16/3. Suppose -n*o = -10*o + 85. What is the highest common factor of 85 and o?
17
Suppose 5*i - 170 = 6*b - 2*b, 5*b - 136 = -4*i. Calculate the highest common factor of i and 4.
2
Suppose -21*y = -2794 + 904. Calculate the greatest common divisor of y and 9.
9
Suppose -2*m = -7*m + 25. Suppose -147*s + 142*s + 5*n + 165 = 0, -4*n + 78 = 2*s. What is the greatest common factor of s and m?
5
Let k(x) = 3*x - 6. Let i be k(3). Let p be -1*(1 + 1) - (-42)/i. Calculate the highest common factor of 30 and p.
6
Suppose h - 32 = 32. What is the greatest common factor of 96 and h?
32
Suppose 2*s + 2*o = 6*o + 276, -701 = -5*s - o. What is the highest common divisor of s and 20?
20
Let x(w) = -w**3 - 4*w**2 + 3*w - 4. Let a be x(-5). Suppose 3*v = a*v - 6. Let j = 20 + 2. What is the greatest common factor of v and j?
2
Let l be (-1)/(-3) + 9202/258. Calculate the highest common factor of l and 846.
18
Suppose n - 1 = 7. Suppose n*f = 2*f. Suppose f = 3*a + 73 - 262. What is the greatest common factor of 7 and a?
7
Let w(h) = h**3 - 35*h**2 + 35*h - 23. Let s be w(34). Calculate the highest common factor of 44 and s.
11
Suppose 0 = 126*v - 128*v + 200. Suppose v*w - 96 = 97*w. What is the highest common factor of w and 8?
8
Let d(m) = 2*m**2 - 30*m + 150. Let b be d(6). What is the highest common factor of 96 and b?
6
Let t be (-704)/(-14) - (-4)/(-14). Let w(n) = 142*n + 1004. Let m be w(-7). Calculate the highest common factor of t and m.
10
Suppose 3*x = 7*x - 12. Suppose 2*o + o + x*r = 9, 5*o - 4*r = 51. What is the highest common factor of 49 and o?
7
Suppose 2*q - 6*q + 48 = 0. Let n = 12 + q. Suppose 4*l - n - 20 = 0. Calculate the greatest common divisor of l and 88.
11
Suppose 4*t = 4*g + 32, 3*t - 20 = 3*g + 2*t. Let k(u) = 3*u**2 - 5*u - 17. Let v be k(g). Let h = 17 - 6. What is the greatest common divisor of h and v?
11
Let s = -212 + 332. Suppose s = -13*o + 18*o. What is the highest common divisor of o and 16?
8
Let a be 4 + 2/(-4 - -2). Suppose 4*m - 5*n = -m + 185, a*n = -5*m + 153. Suppose 5*k + m - 383 = 0. What is the greatest common divisor of k and 14?
14
Suppose 0 = 5*t - 89 + 19. Let u be t + -2 + -11 + 10. What is the greatest common divisor of 44 and u?
11
Suppose -5*x + 4*o = -149, 0*x - 3*o - 90 = -3*x. Calculate the highest common factor of x and 87.
29
Suppose h - 31 = -4*g, 6*h - 3*h + 51 = 4*g. Suppose -3*m - 405 = -8*m. What is the highest common factor of g and m?
9
Let k = 415 + -263. Calculate the greatest common factor of 532 and k.
76
Let j be (-1 - 4)*1 + 9. Suppose 50 = 5*x + 3*v - 18, -3*v = j*x - 55. Calculate the highest common factor of x and 13.
13
Let u(g) = -13*g + 28*g - 2 + 40*g. Let p be u(2). Let a = -34691 - -34703. What is the highest common factor of a and p?
12
Let n = 22 - 6. Suppose 2*w - n = 2*j + 226, 2*j + 492 = 4*w. Calculate the greatest common factor of w and 50.
25
Suppose 6 = -88*k + 90*k. Suppose -2*n + 50 - 151 = -5*h, k*h = -3*n + 69. What is the greatest common divisor of h and 14?
7
Suppose 45 = 2*w - 25. Let f(x) = -x - 8*x + 27 + 2*x - 41. Let z be f(-3). Calculate the greatest common factor of z and w.
7
Let h be -2 + (0 - 3) + -1. Let p(g) be the third derivative of g**5/60 - g**3/6 - g**2. Let k be p(h). Calculate the greatest common divisor of 7 and k.
7
Suppose -5*v + 4*a + 43 = 0, 4*a - 6 = -v - v. Let n be (56/(-20))/(8/(-60)). Let l be 1/(3/n)*(6 - -1). What is the greatest common factor of l and v?
7
Let g be 0 + 2 + (3 - 5) + -81. Let v = g - -111. Suppose 3*o - 3*u = -2*o + 54, 4*o + 4*u = 56. Calculate the highest common divisor of o and v.
6
Let k(n) = n**3 - 5*n**2 + 5*n - 4. Let p be k(4). Suppose 124*u - 121*u - 6 = 0. Suppose p = u*w - 23 - 9. Calculate the highest common factor of w and 144.
16
Let a = 289 + -145. Calculate the greatest common divisor of a and 180.
36
Let g = 17 - 13. Suppose -4*v - g*k + 54 + 14 = 0, 0 = -2*v + k + 31. What is the highest common divisor of v and 128?
16
Let k = -515 + 550. What is the greatest common factor of k and 21?
7
Suppose -5*o = -5*g - 2*o - 221, -3*g + 3*o - 129 = 0. Let l = 42 + -67. Let x = l - g. What is the highest common divisor of x and 14?
7
Let d(v) = v + 15. Let m be d(-3). What is the greatest common factor of m and 18?
6
Let t(p) = p**2 - 10*p + 13. Let u be t(12). Suppose -43 = 4*c + u. Let o = -2 - c. Calculate the highest common divisor of o and 6.
6
Let o(i) = -i**3 - 8*i**2 + 4*i - 26. Let d be o(-9). Calculate the greatest common divisor of 38 and d.
19
Suppose -26*z = -25*z - 55. Let l be (0 + 72/15)/(22/z). Let n = 31 - 19. What is the highest common factor of l and n?
12
Let v be ((-105)/(-63))/((-10)/(-216)). What is the highest common factor of v and 45?
9
Let l be (6 + (-4 - 1))*372/4. What is the greatest common factor of 31 and l?
31
Suppose 3*c = -3*r + 7*r + 12, -5*r = -5*c + 25. Suppose -119*f + 6337 + 1035 = -1196. Calculate the greatest common factor of f and c.
8
Let x(l) = -3*l - 5. Let i(z) = z. Let p(m) = -6*i(m) - 3*x(m). Let n be p(4). Calculate the greatest common divisor of 3 and n.
3
Let y(c) = -7*c**3 - 61*c**2 - 37*c - 18. Let q be 